 - 9, -2*f + s + 2 = 0. Let i(d) = 76*d**2 + 4*d. List the prime factors of i(f).
2, 3
Suppose -b - 3*f + 461 = 0, 5*b + 2*f - 3*f - 2241 = 0. List the prime factors of b.
449
Let g(s) = -5*s - 2*s + 8*s**2 - s**3 + s + 6. Let o(i) = -i**3 - 13*i**2 + 27*i - 39. Let d be o(-15). What are the prime factors of g(d)?
2, 3, 7
What are the prime factors of 2/((1/1486)/(-17 - -18))?
2, 743
Let r = 17 + -21. Let z be (-9)/(r/(-8) - -1). Let t(l) = -l**3 - 4*l**2 + 5*l - 8. What are the prime factors of t(z)?
2, 17
Let k = 3 - 9. Let f(t) = t**3 + 6*t**2 - 2*t - 1. Let o be f(k). Suppose -4*x - 28 = -5*p, -3*x + 3 = 5*p - o. List the prime factors of p.
2
Let l = 3015 - -245. What are the prime factors of l?
2, 5, 163
Let y = 2520 - 396. List the prime factors of y.
2, 3, 59
Let f = -265 - -180. Let v = -9 - f. List the prime factors of v.
2, 19
What are the prime factors of 24/(-48)*(3 + 1) + 308?
2, 3, 17
List the prime factors of 4888/22 - 52/286.
2, 3, 37
What are the prime factors of ((-50360)/18)/(-10) + (-6)/(-27)?
2, 5, 7
Let m(i) = 18*i - 34*i + 1 + 12*i. List the prime factors of m(-7).
29
Suppose 143 = -f + 623. What are the prime factors of f?
2, 3, 5
Suppose -n + 2*x = -219 - 464, 0 = 4*n - 6*x - 2738. What are the prime factors of n?
13, 53
Let p(g) = 3*g**2 - 18*g + 20. Let y(t) = -2*t**2 + 9*t - 10. Let c(i) = 3*p(i) + 5*y(i). Suppose -11*q = -21*q - 80. List the prime factors of c(q).
2, 3
Let y(t) = 34*t**2 + 17*t + 76. What are the prime factors of y(-4)?
2, 3, 23
Let s(i) = -i**3 + 3*i**2 + 962. What are the prime factors of s(0)?
2, 13, 37
What are the prime factors of 0 - (-36 - 4/(-2))?
2, 17
Suppose 2925 = -20*p - 19*p. Let v be (-2)/4*1*-4. What are the prime factors of p*(v - 14/6)?
5
Suppose -4*k = -42 + 50. Let p(c) = -41*c + 8. List the prime factors of p(k).
2, 3, 5
Let l(z) = -z + 6. Let q be l(5). List the prime factors of q/(-2)*-46 - -2.
5
Suppose 0 = 3*l + 2 - 128. Suppose -j = l - 74. What are the prime factors of j?
2
Suppose 5*y = -15, 2084 + 586 = -2*w + 4*y. Let j be ((-4)/6)/(6/w). Suppose -4*n + h = -5 - 187, 3*n - j = 2*h. List the prime factors of n.
47
Let l(j) = j**3 + 10*j**2 - 8 - 10*j - 7 + 23. Let r be l(-11). Let h = 25 - r. List the prime factors of h.
2, 7
Let k(g) = -4*g**3 - 4*g**2 - 4*g - 3. Let d = 12 + -6. Suppose 3*i + 2*i = 4*f - d, -i - 4*f = 6. List the prime factors of k(i).
3, 7
Let x(c) = 2*c**2 + c + 2. Let a be x(-4). Suppose -30*u - 8*u + 38 = 0. Let n = a + u. What are the prime factors of n?
31
Let n be -54 - ((0 - 1) + 1). Suppose 4*s = -4*t + 102 + 186, -392 = -5*t + 3*s. Let u = n + t. What are the prime factors of u?
2, 11
Let l(u) = -12*u - 8. Suppose -3*z + 3*b + 0*b = 24, -4*b - 18 = z. Let r = z - -4. List the prime factors of l(r).
2
Let i(l) = 12*l**2 + 3*l - 170. List the prime factors of i(18).
2, 23, 41
Let z = -307 - -752. List the prime factors of z.
5, 89
Let j(o) = 8*o - 5. Let b be j(20). Let c = b + -89. List the prime factors of c.
2, 3, 11
Suppose 1540 = 5*f - 5*y, 3*f - 1427 = 4*y - 500. List the prime factors of f.
5, 61
List the prime factors of 13/(91/42) - -2426.
2, 19
Let r(l) = -150*l + 66. List the prime factors of r(-6).
2, 3, 7, 23
Let l be 10/4*-6*(-9 - -10). List the prime factors of 535*(-6)/l*1.
2, 107
Suppose b = -7 + 4. Let o be b/(-9) + 8/3. Suppose -f + o*a = -21 - 13, -5*f + 148 = -4*a. List the prime factors of f.
2, 7
List the prime factors of 35601/24 + 15/(-40) - 1.
2, 3, 13, 19
Let y = 44 + -42. Suppose j = y*a - a - 126, 2*a + 5*j = 238. What are the prime factors of a?
2, 31
Let z(s) = 10*s**2 + 4*s - 3. Let x be z(-2). Suppose -f = x - 237. List the prime factors of f.
2, 13
Suppose 0*q - 3*q = 168. What are the prime factors of q/(-8)*(-44)/(-14)?
2, 11
Let u = 77 + -72. Suppose 5*q - 530 = u*r, 4*r = -5*q - r + 520. List the prime factors of q.
3, 5, 7
Let u be 0 + 13/(52/48). Suppose 0 = q + 4*j - 28, 3*q - q - 3*j - u = 0. List the prime factors of q.
2, 3
Let h(o) be the second derivative of o**3/3 + 23*o**2 + 17*o. What are the prime factors of h(-20)?
2, 3
Suppose 0 = -4*y - 5*z, 3*z = 5*z. Suppose y = 5*s - b - 45, -s + 9 = -0*s + 3*b. Let r = s + -5. List the prime factors of r.
2
Suppose 0 = 11*y - 365 - 9. Let f = y + 10. List the prime factors of f.
2, 11
Suppose l - 6123 = -3*s - 0*l, -5*l = 5*s - 10205. List the prime factors of s.
13, 157
Let b be 84/105 - 16/(-5). Suppose -11 - 9 = -5*d. Suppose b*t - 26 = -5*f, 2*f - d = -t + 7. What are the prime factors of f?
2, 3
Let k(f) = -f**2 + 10*f + 3726. What are the prime factors of k(0)?
2, 3, 23
Let h = 31 + -22. Let s(n) = n**3 - 8*n**2 - n + 17. Let z be s(h). Let u = z - 24. List the prime factors of u.
5, 13
Let t be 28/16 - 3/(-12). Suppose -t = -k + 27. Suppose -5*w = 5*i - 3*i - k, i - 27 = -5*w. What are the prime factors of i?
2
Suppose -3*g + 4*g = -2, -g + 13 = 3*p. Suppose -4*x + 5*x = -2. List the prime factors of (p/x - 3)*-6.
3, 11
Let l = 783 + 2774. List the prime factors of l.
3557
Suppose -3*a - 329 + 1463 = -5*k, 4*a - 1495 = k. What are the prime factors of a?
373
Let d(l) = l**2 - 20*l - 18. List the prime factors of d(26).
2, 3, 23
Suppose o + j + 16 = 5*o, -3*o = 4*j - 31. Suppose -o*h + 5*i + 235 = -75, -2*i - 181 = -3*h. List the prime factors of h/2 - (-1)/(-2).
2, 7
Let w(h) be the second derivative of h**3/6 + 19*h**2/2 + 5*h. What are the prime factors of w(19)?
2, 19
Let n(u) = 6*u + 52. Let b(f) = f**2 - 2*f - 6. Let p be b(-4). List the prime factors of n(p).
2, 5
Suppose 5*z + 366 = 31. Let v = 108 + z. Let p = v - 11. List the prime factors of p.
2, 3, 5
Let h be 2 + 0/(2/2). Let t(i) = -i**3 + 9*i**2 - i - 7. Let g be t(5). Suppose g - 8 = 5*s - 5*n, 3*s = h*n + 46. What are the prime factors of s?
2, 7
Suppose 0*n - 3*n + 27 = 0. What are the prime factors of 1*23 - n/(6 + -3)?
2, 5
Let y be 1542/(-30) - 2/(-5). Let b = y + 112. What are the prime factors of b?
61
Let u(t) = -5*t - 31. Let s be u(-7). Suppose 115 = -3*a + s*a. List the prime factors of a.
5, 23
What are the prime factors of 3649/6 - 120/(-144)?
3, 7, 29
Let f be (-46)/(-10) + (-24)/40. Suppose -6 + 50 = -f*r. Let u = 38 - r. What are the prime factors of u?
7
Let c(g) = g + 7. Let j be c(-6). Let l(r) = 33*r**2 + r. What are the prime factors of l(j)?
2, 17
Let q be 3 + (7 - 4) - -4. Let l = q + -10. Suppose l = -3*i + 119 + 7. What are the prime factors of i?
2, 3, 7
Let x(z) = -z**3 - 2*z + 5. Let j be x(0). Suppose 2*r + 0*r = -j*g + 138, 0 = g - 3*r - 31. List the prime factors of g.
2, 7
Suppose -105*a + 211184 = -38*a. What are the prime factors of a?
2, 197
Let t = 1923 + -1309. What are the prime factors of t?
2, 307
Suppose 0*d - 25 = d. Let s = -16 - d. Suppose 4*u = -4*q + 16, 0 = -3*q - 5*u + 3 + s. What are the prime factors of q?
2
Let n(k) = -6*k + 128. List the prime factors of n(-27).
2, 5, 29
Let y = -265 + 479. Suppose -4*h + y - 730 = 0. What are the prime factors of h*(3 - (-20)/(-6))?
43
Let q = 43 + -52. What are the prime factors of ((-134)/q*3)/(20/60)?
2, 67
Let b(g) = -34*g + 792. What are the prime factors of b(-42)?
2, 3, 5, 37
Let p(r) = 8*r**2 + 30*r - 130. List the prime factors of p(3).
2
Let y = 17 + -12. Suppose -y*j + 14 = 2*j. Suppose -3*o + 204 = -3*i, 5*i - 50 = o - j*o. What are the prime factors of o?
5, 13
Let r = -2189 - -3548. List the prime factors of r.
3, 151
Let c be 2/6*(-126)/(-7). Suppose c*a - 395 = a. What are the prime factors of a?
79
Suppose 14*z + 175 = 959. What are the prime factors of z?
2, 7
Suppose 11 + 7 = -4*b + 2*f, -3*b - 18 = 3*f. Let w(q) = -6*q + 1. Let l be w(b). What are the prime factors of (3 - l)*36/(-21)?
2, 3
Let m = 165 - 130. List the prime factors of m.
5, 7
Let x(y) = 39*y + 92. List the prime factors of x(18).
2, 397
Let o be 6 - 1 - (-2)/(-2). Let l be 244/28 + (-4)/(-14). Suppose 7 = 2*m - o*k - l, m - k - 12 = 0. What are the prime factors of m?
2
What are the prime factors of (-72 + 81)*(-257)/(-3)?
3, 257
Suppose 38 + 57 = 5*w. Suppose 124 - w = 5*b. What are the prime factors of 7*(72/b + 0)?
2, 3
Let q(p) = -2*p + 15. Let i be q(12). Suppose 4*k = 2*l + 78, 4*k - 44 = 3*l + 33. Let v = i + k. What are the prime factors of v?
11
Let o(l) = 7*l**3 + 5*l**2 - 2. Let c(w) = -8*w**3 